, what is 48 - -a9?
124
In base 14, what is 103c + -1d?
101d
In base 2, what is -10 - -110110?
110100
In base 12, what is -14a106 - -5?
-14a101
In base 6, what is -42 + -4513?
-4555
In base 4, what is -211132 - 131?
-211323
In base 7, what is 2243244 + -4?
2243240
In base 8, what is 17 + -23611?
-23572
In base 15, what is 18 - 18aa7?
-18a8e
In base 15, what is -e1c + -52?
-e6e
In base 7, what is -23145 - -3530?
-16315
In base 2, what is -111 + 1011000100101?
1011000011110
In base 8, what is 0 - 5554?
-5554
In base 6, what is -30334 - -555?
-25335
In base 4, what is 13001121 - -11?
13001132
In base 9, what is -115170 - -5?
-115164
In base 7, what is 16326 - 6?
16320
In base 10, what is -123825 - -18?
-123807
In base 13, what is -5b7b - 38?
-5bb6
In base 14, what is 3b06 + -17?
3acd
In base 6, what is -1 + -3000141?
-3000142
In base 5, what is -14411 - -31?
-14330
In base 11, what is -5709 - 4?
-5712
In base 4, what is -102303200 + 0?
-102303200
In base 10, what is 2 - -258510?
258512
In base 15, what is 99c - -22?
9be
In base 12, what is 1461618 + -3?
1461615
In base 2, what is -10 - -1001111100111101111?
1001111100111101101
In base 13, what is -52 - -582?
530
In base 2, what is 11000001000001 - 10?
11000000111111
In base 11, what is 60 - 2652?
-25a2
In base 16, what is 229 + -62a?
-401
In base 2, what is -101100110001101 - -1100000?
-101100100101101
In base 15, what is 4 + -13ad8?
-13ad4
In base 8, what is 0 - 117367?
-117367
In base 3, what is -2212 + -102211?
-112200
In base 11, what is 35023 - -2?
35025
In base 10, what is 138 + -29?
109
In base 2, what is 1101001 + -110101000?
-100111111
In base 16, what is 5 - 808ae?
-808a9
In base 12, what is 14b1 + -2?
14ab
In base 16, what is -82 - 11b?
-19d
In base 6, what is -5 - -4252333?
4252324
In base 5, what is -2 - 13313?
-13320
In base 13, what is 25b - -12?
270
In base 14, what is -2156 + -21?
-2177
In base 12, what is -3ab88 + 2?
-3ab86
In base 2, what is 10 - 1010100001000111001?
-1010100001000110111
In base 5, what is -433 - -122142?
121204
In base 14, what is -42c1 + -8?
-42c9
In base 3, what is 2100 - -110122?
112222
In base 5, what is 21031 + -1330?
14201
In base 8, what is 24 + 305?
331
In base 6, what is 211 - -434?
1045
In base 14, what is -8 - d16?
-d20
In base 16, what is 34d2 + -2?
34d0
In base 12, what is -1190b8 - 4?
-119100
In base 11, what is 1937 + 4?
1940
In base 13, what is -54 + 614a?
60c6
In base 4, what is 1 - 310013322?
-310013321
In base 10, what is 5 - 2817?
-2812
In base 9, what is 72012 + 15?
72027
In base 2, what is 1 + -10010111100011?
-10010111100010
In base 6, what is 54 + -1511211?
-1511113
In base 5, what is -2 - -32423301?
32423244
In base 11, what is 8701 - -5?
8706
In base 6, what is -1345232 - -2?
-1345230
In base 14, what is -69bd0 - -2?
-69bcc
In base 12, what is 39a - 205?
195
In base 10, what is 621096 + -13?
621083
In base 13, what is -10 + 26b3?
26a3
In base 10, what is 31340 - -3?
31343
In base 12, what is 261 + -16?
247
In base 11, what is 2 + -188498?
-188496
In base 14, what is 385d + 75?
38d4
In base 5, what is 304342 + -2203?
302134
In base 10, what is -4465600 + 1?
-4465599
In base 16, what is a8a - -113?
b9d
In base 2, what is -11010111010011001 + 10?
-11010111010010111
In base 3, what is -122 + -122010?
-122202
In base 14, what is -2b - -d2?
a5
In base 5, what is 3 - -111044?
111102
In base 14, what is -1369 - b75?
-2100
In base 5, what is -211 - -313104?
312343
In base 13, what is -c33 - -13?
-c20
In base 6, what is 33 + -513?
-440
In base 13, what is 13b47 - 38?
13b0c
In base 3, what is 212110002002 - -1?
212110002010
In base 4, what is -231003 + 122?
-230221
In base 12, what is 9 + 6ab7?
6b04
In base 16, what is 187 + -1cb?
-44
In base 8, what is -3 + 27770?
27765
In base 11, what is -1002 - 2455?
-3457
In base 6, what is -4131 + -154?
-4325
In base 8, what is 6 + -412?
-404
In base 12, what is 231 - 41a?
-1a9
In base 12, what is 623 + b5?
718
In base 4, what is 13 + -200220201?
-200220122
In base 5, what is 32211313 - -10?
32211323
In base 2, what is -1110101110 + -100?
-1110110010
In base 12, what is 44a + 72?
500
In base 8, what is -104 - 163?
-267
In base 12, what is -10 + 15520?
15510
In base 2, what is -100110101 + 1101000101?
1000010000
In base 2, what is -1010110100111100 - 101?
-1010110101000001
In base 16, what is f + -362?
-353
In base 13, what is -77cc + 9?
-77c3
In base 9, what is 3212 + 172?
3384
In base 6, what is -13445 + 23?
-13422
In base 9, what is -1553 + 28?
-1524
In base 11, what is 5 - a73a?
-a735
In base 6, what is -12 + -41000?
-41012
In base 5, what is 2143013 - 10?
2143003
In base 16, what is -22f - aa?
-2d9
In base 14, what is 1 + 1578?
1579
In base 8, what is 5634 - -33?
5667
In base 15, what is -1 - -8d5b?
8d5a
In base 9, what is 4367 - -1?
4368
In base 10, what is -79607 - 3?
-79610
In base 6, what is 1032313 + 2?
1032315
In base 15, what is 1 - 69a3?
-69a2
In base 4, what is -1 + 1312310?
1312303
In base 8, what is 0 + 104200?
104200
In base 13, what is 726 + 233?
959
In base 12, what is 5a + -a13?
-975
In base 15, what is -2 - 205b?
-205d
In base 6, what is 52215020 - -4?
52215024
In base 8, what is 305 - -2011?
2316
In base 8, what is -22157 - -5?
-22152
In base 16, what is a213 + b?
a21e
In base 3, what is 111 + -110002010?
-110001122
In base 5, what is -420 - 103400?
-104320
In base 5, what is 2314212141 - 3?
2314212133
In base 4, what is 200133130 + 2?
200133132
In base 4, what is 22310233 + -2?
22310231
In base 11, what is -82 + -2537?
-2609
In base 15, what is 98 + 200e?
20a7
In base 16, what is -2ab4 + -2?
-2ab6
In base 10, what is 904974 + 1?
904975
In base 9, what is 32462 - 4?
32457
In base 11, what is 76 - -112?
188
In base 8, what is -2254 - -20?
-2234
In base 14, what is -1391 - 28?
-13b9
In base 16, what is 8c9 + -18?
8b1
In base 15, what is -10a7 - 4?
-10ab
In base 8, what is -5303 + 10?
-5273
In base 13, what is -17c9 + 6?
-17c3
In base 15, what is 110 + -14d0?
-13c0
In base 15, what is 2a4 - 21?
283
In base 5, what is -122 + 22123?
22001
In base 4, what is 21311 + -12?
21233
In base 13, what is -12b6 - -92?
-1224
In base 13, what is -2 - -154a5?
154a3
In base 12, what is 1761 + -37?
1726
In base 4, what is -1020202 + -10112?
-1030320
In base 6, what is 12502 - -2324?
15230
In base 2, what is -11011110011010 + -1101110?
-11100000001000
In base 10, what is 561032 + -4?
561028
In base 15, what is -b + e168?
e15c
In base 4, what is -1321311 + 11?
-1321300
In base 7, what is 3560 - -222?
4112
In base 9, what is 104568 + -5?
104563
In base 14, what is 5 - -bd7ab?
bd7b2
In base 7, what is 56120 - -32?
56152
In base 3, what is 1 - 20222101012?
-20222101011
In base 3, what is -112 + 200222121?
200222002
In base 7, what is 246 - -6241?
6520
In base 11, what is 170 + -14?
157
In base 7, what is -1212 - -343?
-536
In base 9, what is -228 - -537?
308
In base 13, what is -5 + -47aaa?
-47ab2
In base 9, what is 238602 - -2?
238604
In base 15, what is -2a + -5a2?
-5cc
In base 14, what is 13966 - 3?
13963
In base 12, what is -6 + -b459?
-b463
In base 11, what is -55 - -496?
441
In base 2, what is 1011 - 11000000001000110?
-11000000000111011
In base 10, what is -11 + 6093?
6082
In base 10, what is -21395 + 9?
-21386
In base 13, what is 4 - -1257?
125b
In base 4, what is -11 + -100112002?
-100112013
In base 4, what is -10013 + 10300?
221
In base 16, what is 6 - -1fbe?
1fc4
In base 4, what is 10001330221 - 3?
10001330212
In base 7, what is 4 + 6424?
6431
In base 4, what is 21 + -12001003?
-12000322
In base 9, what is -147182 + -3?
-147185
In base 9, what is -4 + -260?
-264
In base 16, what is -551 + 4?
-54d
In base 5, what is 10 + -403121?
-403111
In base 10, what is 512697 - -1?
512698
In base 8, what is -3 + -1075750?
-1075753
In base 4, what is -1 + 3210310?
3210303
In base 5, what is 21 - 1014014?
-1013443
In base 5, what is 102411 + 434?
103400
In base 13, what is -315c8 - -13?
-315b5
In base 13, what is -18 - -4c5b?
4c43
In base 13, what is 1 - -8ac2?
8ac3
In base 14, what is c - 220?
-212
In base 6, what is -12502 - -40?
-12422
In base 9, what is -147401 - 3?
-147404
In base 6, what is 1224 + 4243?
5511
In base 11, what is -662 + -525?
-1087
In base 14, what is 1c1ca - -2?
1c1cc
In base 3, what is 